e remainder when 34 is divided by f?
7
Suppose -3*f = f. Let d be -1 - -1 - (f - 2). Suppose -3*r - d*r + 25 = 0. Calculate the remainder when r is divided by 2.
1
Suppose 0 = -11*b + 465 + 85. Let h(v) = 16*v**3 + v**2 + v - 1. Suppose r + 1 = 2*r. Calculate the remainder when b is divided by h(r).
16
Let a = 79 - 54. Calculate the remainder when 73 is divided by a.
23
Suppose 4*w + 90 = 314. Suppose 5*v = 2*f - 25, 2*v = -4*f + 3*v + 59. Calculate the remainder when w is divided by f.
11
Suppose 92 + 508 = 5*d. Suppose 4*l = 7*l - d. Calculate the remainder when l is divided by 21.
19
What is the remainder when 4 + 39 - (-4)/1 is divided by 12?
11
Let j be (-2)/(-2) - (-4)/2. Suppose -r - 5*y + 56 = 0, 0 = j*r + 3*y - 0*y - 108. Calculate the remainder when r is divided by (-1260)/(-81) + 12/27.
15
Let t(h) = h**3 - 8*h**2 - 6*h - 7. What is the remainder when 58 is divided by t(9)?
18
Let t = 38 + -26. Calculate the remainder when t is divided by 5.
2
Let t(m) = -3*m**3 - 3*m**2. Let g be t(-2). Let b = g - 8. Suppose -b*n = 4*a - 28, 5*a + 0*a - 2*n - 7 = 0. What is the remainder when a is divided by 3?
0
Suppose 2*g + 2 = z, -4*z - 1 + 3 = -2*g. Let t be z/((-1)/((-3)/(-3))). Suppose 2*l = -t*l + 70. Calculate the remainder when l is divided by 12.
11
Let j(t) = 6*t**2 - 4*t + 6. Calculate the remainder when j(4) is divided by 29.
28
Let y(h) = 2*h + 13. Let i be y(-9). Let l be (i/((-5)/(-3)))/(-1). Suppose -2*x = l*x - 95. What is the remainder when 36 is divided by x?
17
Let x(t) = t**2 + 7*t + 10. Let b be 1*(-7 - 2) - -1. Let g be x(b). Suppose -s - 48 = -4*o - 5*s, 2*o - s = g. What is the remainder when 18 is divided by o?
8
Let y = -11 - -15. Suppose 0 = -5*n - w - 3, 0 = -y*n - 3*w - 3 - 6. Suppose n*d + 11 = d. What is the remainder when d is divided by 6?
5
Let m(f) = -13*f - 6. Calculate the remainder when m(-1) is divided by 2.
1
Let v(j) = -j**3 - 12*j**2 - 4*j - 17. Suppose -3*x = -u - 37, -6*x = -x + u - 51. Calculate the remainder when v(-12) is divided by x.
9
Suppose z + 0*z - 19 = 0. Suppose 3*l - 3*i - 220 = -5*i, -290 = -4*l - i. Suppose 96 = 3*w - l. Calculate the remainder when w is divided by z.
18
Suppose c + c - 6 = 0. Suppose 0 = c*d + 2*d - 285. What is the remainder when d is divided by 20?
17
Suppose 4*n = -2*c + 3*n + 25, 90 = 5*c - 3*n. Calculate the remainder when 58 is divided by c.
13
Suppose 8*m - 3*m = 60. Calculate the remainder when 45 is divided by m.
9
What is the remainder when 1*(21 + (-1 - -2) - 1) is divided by 12?
9
Let g = 1 - -2. Suppose g*l - 5 = 13. Suppose -20 = -2*w + l. What is the remainder when w is divided by 5?
3
Let d(a) = 2*a**3 - 4*a**2 + 2*a + 4. What is the remainder when d(3) is divided by 16?
12
Suppose -4*b = h - 66, 3*b - 4*h = -h + 57. Suppose -5*a - 13 + 181 = -2*z, -92 = -3*a - z. Let f = a - b. Calculate the remainder when 44 is divided by f.
14
Suppose -5*s - 180 = 5*k, -5*s + 31 + 55 = -2*k. Let w = -23 - k. What is the remainder when w is divided by 8?
7
Calculate the remainder when (-7)/(-14)*(230 - 0) is divided by 29.
28
Suppose 23 = 3*w - 10. What is the remainder when w is divided by 3 + 0 - (-2)/2?
3
Suppose 0 = -y + 2*k + 2, 0*y + 5*y - 25 = -5*k. Calculate the remainder when 10 is divided by y.
2
Let j(b) = 47*b**2 + 3*b. Calculate the remainder when j(-1) is divided by 24.
20
Suppose k - 136 + 57 = 0. Calculate the remainder when k is divided by 4/6 + 58/3.
19
Let f(t) = t**2 - 4*t - 28. Calculate the remainder when 10 is divided by f(-4).
2
Let q = 3 - -7. What is the remainder when 110/4 + (-1)/(-2) is divided by q?
8
What is the remainder when 10 + -2 + 1 + 1 is divided by 6?
4
Let g(n) be the third derivative of -n**4/6 - 2*n**3/3 + 4*n**2. Let f(t) = -t - 2. Let v be f(3). Calculate the remainder when 30 is divided by g(v).
14
Let j(u) = -2*u**3 - 5. Calculate the remainder when 108 is divided by j(-2).
9
Let l(a) = -2*a - 7. Let g be l(-8). Let p = g + 4. What is the remainder when 24 is divided by p?
11
Let r(o) = -13*o**3 - 3*o**2 - 2*o - 1. What is the remainder when r(-1) is divided by 3?
2
Let r(z) = -6*z - 4. Let c(b) = b - 6. Let p be c(-7). Let n = p + 8. Calculate the remainder when r(n) is divided by 14.
12
Let f(j) = j + 6. Calculate the remainder when 43 is divided by f(5).
10
Suppose -7*r + 8*r = 33. What is the remainder when r is divided by 9?
6
Suppose 245 = 5*v - 4*u, -v - 2*u = -47 - 2. What is the remainder when 243 is divided by v?
47
Suppose -y - 2*o - 10 = -44, 2*o = 2*y - 74. Calculate the remainder when 71 is divided by y.
35
Suppose -3*h + 9 = -87. Suppose -3*n + 31 = -h. Let g(d) = 10*d**2 + d. Calculate the remainder when n is divided by g(1).
10
Calculate the remainder when 1 + -4*(-28)/(-2 - -4) is divided by 10.
7
Let z(x) = x - 4. Let g be z(4). Suppose 0 = -g*c - 3*c + 21. Suppose 2*i - 8 = -4*o, -3*i + o + 28 = 3*o. What is the remainder when i is divided by c?
5
Suppose 0 = c + 4*c - 5. Let b(d) = 78*d - 1. Suppose 0*v - v + 26 = 0. Calculate the remainder when b(c) is divided by v.
25
Let d be ((-2)/1 + 12)/2. Suppose -2*u = -5*o + 7, d*o + 0*o - 35 = -5*u. What is the remainder when 5 is divided by o?
2
Let m(l) = -l**3 - 27*l**2 + 14. Let k(n) = -6*n**3 - 2*n**2 + n + 1. Calculate the remainder when k(-2) is divided by m(-27).
11
Let b be -14*(-1)/(-1 - -3). Let r = 34 - b. What is the remainder when r is divided by 15?
12
Suppose 5*j = 8*j - 69. What is the remainder when j is divided by 7?
2
Let a(n) = -n**3 + 3*n**2 + 6*n + 7. Let k be a(5). Let l = -3 - k. Calculate the remainder when 19 is divided by l.
9
Suppose -3*g - w = 2*w - 168, 3*w = -5*g + 274. Calculate the remainder when g is divided by 14.
11
Let g(x) = -x**3 - 2*x**2 - x. Suppose 2*r - 10 = 7*r. Calculate the remainder when (-3)/(7/5 + r) is divided by g(-2).
1
Let z = -27 + 22. What is the remainder when (-8 - z)/(2/(-14)) is divided by 6?
3
Suppose -3*i + 4 = 5*a, 3*a + 0*i = -i + 4. Let j(o) = -6*o**3 - o**2 - 2*o - 1. What is the remainder when j(-1) is divided by (-8)/5*(-5)/a?
2
Let y = -30 - -33. Calculate the remainder when 7 is divided by y.
1
Let r(s) = s**2 - 6*s + 2. What is the remainder when r(-6) is divided by 19?
17
Let h = 155 + -115. What is the remainder when h is divided by 6?
4
Let u = -15 - -18. Calculate the remainder when u is divided by 3.
0
Suppose 4*q - 30 = 18. What is the remainder when q is divided by 7?
5
Suppose 0*b + 3*b = 120. Let u(a) = 2*a + 12. Let y be u(10). Let w = -18 + y. What is the remainder when b is divided by w?
12
Suppose -7*c + 50 = -69. What is the remainder when 37 is divided by c?
3
Let t(x) = -x**3 - 2*x**2 - 2*x. Let n be t(-5). Let k = 13 - 8. Suppose -n = -4*i - k*y, -i + 10 = -4*y - 6. Calculate the remainder when i is divided by 11.
9
Suppose -r - 75 = -5*o, -o + 3 + 3 = -2*r. Suppose 2*b - 4*n - 36 = 0, -n = 2*b - o - 5. What is the remainder when 46 is divided by b?
10
Let v = -6 - -51. Suppose 0 = -3*p + 3*u + 39, -2*p = -5*p + 5*u + 33. Calculate the remainder when v is divided by p.
13
Let i(c) = -c**2 - 12*c - 3. Let n(a) = a**3 - a**2 + a + 34. Let d be n(0). Suppose 4*g - 58 = d. What is the remainder when g is divided by i(-11)?
7
Let j = 4 + -2. Calculate the remainder when 7 + 0 + 0 + -2 is divided by (-4)/(-2)*2/j.
1
Suppose 5*a + 8 = 28. Suppose 0 = -5*t + 5*h + 105, -3*t - 98 = -6*t - a*h. Suppose -42 = -6*m + 3*m. Calculate the remainder when t is divided by m.
12
Let k(z) = z + 4. Let j be k(6). Suppose -14*t = -j*t - 160. What is the remainder when t is divided by 21?
19
Let r = -26 - -65. What is the remainder when r is divided by 8?
7
Let k = 45 - 41. What is the remainder when k is divided by 2?
0
Suppose 5*f + c - 55 = 0, 4*c + 6 = 4*f - 14. Suppose 0*y - f = -y. What is the remainder when 29 is divided by y?
9
Suppose 2*z + 2*z = 8. Suppose 5*f = m - 46, -5*f + 24 - 7 = z*m. What is the remainder when m is divided by 11?
10
Suppose l - o - 3 = 0, -10 = -l - 2*o + 8. Suppose 12 = s - l. What is the remainder when s is divided by 11?
9
What is the remainder when 65 is divided by (1 - -16)/(2/2)?
14
Suppose -3*u + 47 - 14 = 0. What is the remainder when 52 is divided by u?
8
Let b = 30 - 16. Let f = 16 + b. What is the remainder when f is divided by 11?
8
Let v = -23 